[INFO] cloning repository https://github.com/tgaref/arithmitikon
[INFO] running `Command { std: "git" "-c" "credential.helper=" "-c" "credential.helper=/workspace/cargo-home/bin/git-credential-null" "clone" "--bare" "https://github.com/tgaref/arithmitikon" "/workspace/cache/git-repos/https%3A%2F%2Fgithub.com%2Ftgaref%2Farithmitikon", kill_on_drop: false }`
[INFO] [stderr] Cloning into bare repository '/workspace/cache/git-repos/https%3A%2F%2Fgithub.com%2Ftgaref%2Farithmitikon'...
[INFO] running `Command { std: "git" "rev-parse" "HEAD", kill_on_drop: false }`
[INFO] [stdout] a062c1c97ecd36fdab4c106ecbad288a4bf7f5fc
[INFO] building tgaref/arithmitikon against master#881c1ac408d93bb7adaa3a51dabab9266e82eee8 for issue-85264
[INFO] running `Command { std: "git" "clone" "/workspace/cache/git-repos/https%3A%2F%2Fgithub.com%2Ftgaref%2Farithmitikon" "/workspace/builds/worker-4/source", kill_on_drop: false }`
[INFO] [stderr] Cloning into '/workspace/builds/worker-4/source'...
[INFO] [stderr] done.
[INFO] validating manifest of git repo https://github.com/tgaref/arithmitikon on toolchain 881c1ac408d93bb7adaa3a51dabab9266e82eee8
[INFO] running `Command { std: "/workspace/cargo-home/bin/cargo" "+881c1ac408d93bb7adaa3a51dabab9266e82eee8" "metadata" "--manifest-path" "Cargo.toml" "--no-deps", kill_on_drop: false }`
[INFO] started tweaking git repo https://github.com/tgaref/arithmitikon
[INFO] finished tweaking git repo https://github.com/tgaref/arithmitikon
[INFO] tweaked toml for git repo https://github.com/tgaref/arithmitikon written to /workspace/builds/worker-4/source/Cargo.toml
[INFO] crate git repo https://github.com/tgaref/arithmitikon already has a lockfile, it will not be regenerated
[INFO] running `Command { std: "/workspace/cargo-home/bin/cargo" "+881c1ac408d93bb7adaa3a51dabab9266e82eee8" "fetch" "--manifest-path" "Cargo.toml", kill_on_drop: false }`
[INFO] [stderr]  Downloading crates ...
[INFO] [stderr]   Downloaded ramp v0.5.1
[INFO] running `Command { std: "docker" "create" "-v" "/var/lib/crater-agent-workspace/builds/worker-4/target:/opt/rustwide/target:rw,Z" "-v" "/var/lib/crater-agent-workspace/builds/worker-4/source:/opt/rustwide/workdir:ro,Z" "-v" "/var/lib/crater-agent-workspace/cargo-home:/opt/rustwide/cargo-home:ro,Z" "-v" "/var/lib/crater-agent-workspace/rustup-home:/opt/rustwide/rustup-home:ro,Z" "-e" "SOURCE_DIR=/opt/rustwide/workdir" "-e" "CARGO_TARGET_DIR=/opt/rustwide/target" "-e" "CARGO_HOME=/opt/rustwide/cargo-home" "-e" "RUSTUP_HOME=/opt/rustwide/rustup-home" "-w" "/opt/rustwide/workdir" "-m" "1610612736" "--user" "0:0" "--network" "none" "ghcr.io/rust-lang/crates-build-env/linux@sha256:20528e8c29e4536546f0102ce88568b16ea7538393a33fcca951030f7af10457" "/opt/rustwide/cargo-home/bin/cargo" "+881c1ac408d93bb7adaa3a51dabab9266e82eee8" "metadata" "--no-deps" "--format-version=1", kill_on_drop: false }`
[INFO] [stdout] 19cc6fad424d485e50dd4f469863c3e6caeef60359dd3beb969e935d905e8439
[INFO] [stderr] WARNING: Your kernel does not support swap limit capabilities or the cgroup is not mounted. Memory limited without swap.
[INFO] running `Command { std: "docker" "start" "-a" "19cc6fad424d485e50dd4f469863c3e6caeef60359dd3beb969e935d905e8439", kill_on_drop: false }`
[INFO] running `Command { std: "docker" "inspect" "19cc6fad424d485e50dd4f469863c3e6caeef60359dd3beb969e935d905e8439", kill_on_drop: false }`
[INFO] running `Command { std: "docker" "rm" "-f" "19cc6fad424d485e50dd4f469863c3e6caeef60359dd3beb969e935d905e8439", kill_on_drop: false }`
[INFO] [stdout] 19cc6fad424d485e50dd4f469863c3e6caeef60359dd3beb969e935d905e8439
[INFO] running `Command { std: "docker" "create" "-v" "/var/lib/crater-agent-workspace/builds/worker-4/target:/opt/rustwide/target:rw,Z" "-v" "/var/lib/crater-agent-workspace/builds/worker-4/source:/opt/rustwide/workdir:ro,Z" "-v" "/var/lib/crater-agent-workspace/cargo-home:/opt/rustwide/cargo-home:ro,Z" "-v" "/var/lib/crater-agent-workspace/rustup-home:/opt/rustwide/rustup-home:ro,Z" "-e" "SOURCE_DIR=/opt/rustwide/workdir" "-e" "CARGO_TARGET_DIR=/opt/rustwide/target" "-e" "CARGO_INCREMENTAL=0" "-e" "RUST_BACKTRACE=full" "-e" "RUSTFLAGS=--cap-lints=forbid" "-e" "CARGO_HOME=/opt/rustwide/cargo-home" "-e" "RUSTUP_HOME=/opt/rustwide/rustup-home" "-w" "/opt/rustwide/workdir" "-m" "1610612736" "--user" "0:0" "--network" "none" "ghcr.io/rust-lang/crates-build-env/linux@sha256:20528e8c29e4536546f0102ce88568b16ea7538393a33fcca951030f7af10457" "/opt/rustwide/cargo-home/bin/cargo" "+881c1ac408d93bb7adaa3a51dabab9266e82eee8" "build" "--frozen" "--message-format=json", kill_on_drop: false }`
[INFO] [stdout] 75a46096803d06931d4f9ef09442e163ff0d56a3a96d14f186894b42933d2dd5
[INFO] [stderr] WARNING: Your kernel does not support swap limit capabilities or the cgroup is not mounted. Memory limited without swap.
[INFO] running `Command { std: "docker" "start" "-a" "75a46096803d06931d4f9ef09442e163ff0d56a3a96d14f186894b42933d2dd5", kill_on_drop: false }`
[INFO] [stderr]    Compiling autocfg v0.1.4
[INFO] [stderr]    Compiling libc v0.2.55
[INFO] [stderr]    Compiling cc v1.0.37
[INFO] [stderr]    Compiling rand_core v0.4.0
[INFO] [stderr]    Compiling rustc-cfg v0.2.0
[INFO] [stderr]    Compiling hamming v0.1.3
[INFO] [stderr]    Compiling ieee754 v0.2.6
[INFO] [stderr]    Compiling num-traits v0.2.8
[INFO] [stderr]    Compiling num-integer v0.1.41
[INFO] [stderr]    Compiling rand_core v0.3.1
[INFO] [stderr]    Compiling rand v0.4.6
[INFO] [stderr]    Compiling rand v0.5.6
[INFO] [stderr]    Compiling num-traits v0.1.43
[INFO] [stderr]    Compiling num-bigint v0.1.44
[INFO] [stderr]    Compiling ramp v0.5.1
[INFO] [stdout] error: the legacy LLVM-style asm! syntax is no longer supported
[INFO] [stdout]    --> /opt/rustwide/cargo-home/registry/src/github.com-1ecc6299db9ec823/ramp-0.5.1/src/ll/limb.rs:442:17
[INFO] [stdout]     |
[INFO] [stdout] 442 |                   asm!("mulq $3"
[INFO] [stdout]     |                   ^---
[INFO] [stdout]     |                   |
[INFO] [stdout]     |  _________________help: replace with: `llvm_asm!`
[INFO] [stdout]     | |
[INFO] [stdout] 443 | |                      : "={rdx}"(high.0), "={rax}"(low.0)
[INFO] [stdout] 444 | |                      : "{rax}"(u.0), "r"(v.0));
[INFO] [stdout]     | |_______________________________________________^
[INFO] [stdout]     |
[INFO] [stdout]     = note: consider migrating to the new asm! syntax specified in RFC 2873
[INFO] [stdout]     = note: alternatively, switch to llvm_asm! to keep your code working as it is
[INFO] [stdout] 
[INFO] [stdout] 
[INFO] [stdout] error: the legacy LLVM-style asm! syntax is no longer supported
[INFO] [stdout]    --> /opt/rustwide/cargo-home/registry/src/github.com-1ecc6299db9ec823/ramp-0.5.1/src/ll/limb.rs:526:17
[INFO] [stdout]     |
[INFO] [stdout] 526 |                   asm!("addq $4, $0
[INFO] [stdout]     |                   ^---
[INFO] [stdout]     |                   |
[INFO] [stdout]     |  _________________help: replace with: `llvm_asm!`
[INFO] [stdout]     | |
[INFO] [stdout] 527 | |                       adcq $5, $1"
[INFO] [stdout] 528 | |                      : "=r"(low.0), "=r"(high.0)
[INFO] [stdout] 529 | |                      : "0"(al.0), "1"(ah.0), "r"(bl.0), "r"(bh.0));
[INFO] [stdout]     | |___________________________________________________________________^
[INFO] [stdout]     |
[INFO] [stdout]     = note: consider migrating to the new asm! syntax specified in RFC 2873
[INFO] [stdout]     = note: alternatively, switch to llvm_asm! to keep your code working as it is
[INFO] [stdout] 
[INFO] [stdout] 
[INFO] [stdout] error: the legacy LLVM-style asm! syntax is no longer supported
[INFO] [stdout]    --> /opt/rustwide/cargo-home/registry/src/github.com-1ecc6299db9ec823/ramp-0.5.1/src/ll/limb.rs:586:17
[INFO] [stdout]     |
[INFO] [stdout] 586 |                   asm!("subq $4, $0
[INFO] [stdout]     |                   ^---
[INFO] [stdout]     |                   |
[INFO] [stdout]     |  _________________help: replace with: `llvm_asm!`
[INFO] [stdout]     | |
[INFO] [stdout] 587 | |                       sbbq $5, $1"
[INFO] [stdout] 588 | |                      : "=r"(low.0), "=r"(high.0)
[INFO] [stdout] 589 | |                      : "0"(al.0), "1"(ah.0), "r"(bl.0), "r"(bh.0));
[INFO] [stdout]     | |___________________________________________________________________^
[INFO] [stdout]     |
[INFO] [stdout]     = note: consider migrating to the new asm! syntax specified in RFC 2873
[INFO] [stdout]     = note: alternatively, switch to llvm_asm! to keep your code working as it is
[INFO] [stdout] 
[INFO] [stdout] 
[INFO] [stdout] error: the legacy LLVM-style asm! syntax is no longer supported
[INFO] [stdout]    --> /opt/rustwide/cargo-home/registry/src/github.com-1ecc6299db9ec823/ramp-0.5.1/src/ll/limb.rs:653:17
[INFO] [stdout]     |
[INFO] [stdout] 653 |                   asm!("divq $4"
[INFO] [stdout]     |                   ^---
[INFO] [stdout]     |                   |
[INFO] [stdout]     |  _________________help: replace with: `llvm_asm!`
[INFO] [stdout]     | |
[INFO] [stdout] 654 | |                      : "={rdx}"(r.0), "={rax}"(q.0)
[INFO] [stdout] 655 | |                      : "0"(nh.0), "1"(nl.0), "r"(d.0));
[INFO] [stdout]     | |_______________________________________________________^
[INFO] [stdout]     |
[INFO] [stdout]     = note: consider migrating to the new asm! syntax specified in RFC 2873
[INFO] [stdout]     = note: alternatively, switch to llvm_asm! to keep your code working as it is
[INFO] [stdout] 
[INFO] [stdout] 
[INFO] [stdout] error[E0432]: unresolved import `std::alloc::Alloc`
[INFO] [stdout]   --> /opt/rustwide/cargo-home/registry/src/github.com-1ecc6299db9ec823/ramp-0.5.1/src/mem.rs:18:24
[INFO] [stdout]    |
[INFO] [stdout] 18 | use std::alloc::{self, Alloc};
[INFO] [stdout]    |                        ^^^^^
[INFO] [stdout]    |                        |
[INFO] [stdout]    |                        no `Alloc` in `alloc`
[INFO] [stdout]    |                        help: a similar name exists in the module: `alloc`
[INFO] [stdout] 
[INFO] [stdout] 
[INFO] [stdout] error[E0407]: method `replace_one` is not a member of trait `std::iter::Step`
[INFO] [stdout]     --> /opt/rustwide/cargo-home/registry/src/github.com-1ecc6299db9ec823/ramp-0.5.1/src/int.rs:3667:5
[INFO] [stdout]      |
[INFO] [stdout] 3667 | /     fn replace_one(&mut self) -> Self {
[INFO] [stdout] 3668 | |         mem::replace(self, Self::one())
[INFO] [stdout] 3669 | |     }
[INFO] [stdout]      | |_____^ not a member of trait `std::iter::Step`
[INFO] [stdout] 
[INFO] [stdout] 
[INFO] [stdout] error[E0407]: method `replace_zero` is not a member of trait `std::iter::Step`
[INFO] [stdout]     --> /opt/rustwide/cargo-home/registry/src/github.com-1ecc6299db9ec823/ramp-0.5.1/src/int.rs:3671:5
[INFO] [stdout]      |
[INFO] [stdout] 3671 | /     fn replace_zero(&mut self) -> Self {
[INFO] [stdout] 3672 | |         mem::replace(self, Self::zero())
[INFO] [stdout] 3673 | |     }
[INFO] [stdout]      | |_____^ not a member of trait `std::iter::Step`
[INFO] [stdout] 
[INFO] [stdout] 
[INFO] [stdout] error[E0407]: method `add_one` is not a member of trait `std::iter::Step`
[INFO] [stdout]     --> /opt/rustwide/cargo-home/registry/src/github.com-1ecc6299db9ec823/ramp-0.5.1/src/int.rs:3675:5
[INFO] [stdout]      |
[INFO] [stdout] 3675 | /     fn add_one(&self) -> Self {
[INFO] [stdout] 3676 | |         self + 1
[INFO] [stdout] 3677 | |     }
[INFO] [stdout]      | |_____^ not a member of trait `std::iter::Step`
[INFO] [stdout] 
[INFO] [stdout] 
[INFO] [stdout] error[E0407]: method `sub_one` is not a member of trait `std::iter::Step`
[INFO] [stdout]     --> /opt/rustwide/cargo-home/registry/src/github.com-1ecc6299db9ec823/ramp-0.5.1/src/int.rs:3679:5
[INFO] [stdout]      |
[INFO] [stdout] 3679 | /     fn sub_one(&self) -> Self {
[INFO] [stdout] 3680 | |         self - 1
[INFO] [stdout] 3681 | |     }
[INFO] [stdout]      | |_____^ not a member of trait `std::iter::Step`
[INFO] [stdout] 
[INFO] [stdout] 
[INFO] [stdout] error[E0407]: method `add_usize` is not a member of trait `std::iter::Step`
[INFO] [stdout]     --> /opt/rustwide/cargo-home/registry/src/github.com-1ecc6299db9ec823/ramp-0.5.1/src/int.rs:3683:5
[INFO] [stdout]      |
[INFO] [stdout] 3683 | /     fn add_usize(&self, n: usize) -> Option<Self> {
[INFO] [stdout] 3684 | |         Some(self + Int::from(n))
[INFO] [stdout] 3685 | |     }
[INFO] [stdout]      | |_____^ not a member of trait `std::iter::Step`
[INFO] [stdout] 
[INFO] [stdout] 
[INFO] [stdout] error[E0200]: the trait `Step` requires an `unsafe impl` declaration
[INFO] [stdout]     --> /opt/rustwide/cargo-home/registry/src/github.com-1ecc6299db9ec823/ramp-0.5.1/src/int.rs:3655:1
[INFO] [stdout]      |
[INFO] [stdout] 3655 | / impl std::iter::Step for Int {
[INFO] [stdout] 3656 | |     fn steps_between(start: &Int, end: &Int) -> Option<usize> {
[INFO] [stdout] 3657 | |         let diff = (start - end).abs();
[INFO] [stdout] 3658 | |
[INFO] [stdout] ...    |
[INFO] [stdout] 3685 | |     }
[INFO] [stdout] 3686 | | }
[INFO] [stdout]      | |_^
[INFO] [stdout] 
[INFO] [stdout] 
[INFO] [stdout] error: aborting due to 11 previous errors
[INFO] [stdout] 
[INFO] [stdout] 
[INFO] [stdout] Some errors have detailed explanations: E0200, E0407, E0432.
[INFO] [stdout] 
[INFO] [stdout] For more information about an error, try `rustc --explain E0200`.
[INFO] [stdout] 
[INFO] [stderr] error: could not compile `ramp`
[INFO] [stderr] 
[INFO] [stderr] To learn more, run the command again with --verbose.
[INFO] running `Command { std: "docker" "inspect" "75a46096803d06931d4f9ef09442e163ff0d56a3a96d14f186894b42933d2dd5", kill_on_drop: false }`
[INFO] running `Command { std: "docker" "rm" "-f" "75a46096803d06931d4f9ef09442e163ff0d56a3a96d14f186894b42933d2dd5", kill_on_drop: false }`
[INFO] [stdout] 75a46096803d06931d4f9ef09442e163ff0d56a3a96d14f186894b42933d2dd5
